3, 59, 331, 30113
What are the prime factors of 187780880?
2, 5, 7, 335323
What are the prime factors of 1024476490?
2, 5, 102447649
List the prime factors of 1230425952.
2, 3, 7, 53, 179, 193
List the prime factors of 206778712.
2, 7, 3692477
What are the prime factors of 1396453122?
2, 3, 43, 200467
List the prime factors of 496326288.
2, 3, 17, 37, 967
List the prime factors of 1815471188.
2, 151, 3005747
What are the prime factors of 976267534?
2, 11, 17, 2610341
List the prime factors of 25249266.
2, 3, 7, 66797
List the prime factors of 2442934354.
2, 7, 31, 197, 28573
List the prime factors of 2270523883.
19, 29, 43, 61, 1571
List the prime factors of 5524220.
2, 5, 13, 21247
What are the prime factors of 766485781?
967, 792643
List the prime factors of 220544493.
3, 13, 23, 18913
List the prime factors of 69307400.
2, 5, 43, 8059
List the prime factors of 215900395.
5, 43180079
What are the prime factors of 102791067?
3, 863, 39703
List the prime factors of 153139558.
2, 11, 13, 367, 1459
What are the prime factors of 162906837?
3, 127, 137, 3121
List the prime factors of 491766768.
2, 3, 733, 1553
List the prime factors of 62609746.
2, 31304873
List the prime factors of 669548260.
2, 5, 33477413
List the prime factors of 272468689.
967, 281767
What are the prime factors of 64822276?
2, 2473, 6553
List the prime factors of 1639654493.
41, 39991573
List the prime factors of 31622917.
83, 139, 2741
What are the prime factors of 468309341?
16223, 28867
List the prime factors of 31824876.
2, 3, 199, 13327
What are the prime factors of 452551142?
2, 226275571
List the prime factors of 5974018330.
2, 5, 7, 85343119
What are the prime factors of 4159148892?
2, 3, 101, 3431641
List the prime factors of 319098991.
61, 5231131
List the prime factors of 3876194.
2, 7, 37, 1069
List the prime factors of 15230116.
2, 11, 346139
What are the prime factors of 287609131?
4673, 61547
What are the prime factors of 1000502907?
3, 61, 5467229
What are the prime factors of 405101545?
5, 81020309
What are the prime factors of 370851648?
2, 3, 1931519
List the prime factors of 619805153.
11, 239, 431, 547
What are the prime factors of 27467445?
3, 5, 19, 96377
List the prime factors of 1579120797.
3, 526373599
List the prime factors of 157685658.
2, 3, 13, 47, 43013
List the prime factors of 194712796.
2, 37, 1315627
What are the prime factors of 748290367?
11, 149, 456553
What are the prime factors of 4663268425?
5, 1223, 152519
What are the prime factors of 1353707661?
3, 451235887
List the prime factors of 100481720.
2, 5, 59, 42577
What are the prime factors of 2974148894?
2, 67, 22195141
What are the prime factors of 117243058?
2, 191, 306919
What are the prime factors of 717304986?
2, 3, 19, 2097383
List the prime factors of 97443758.
2, 73, 667423
List the prime factors of 1542204112.
2, 113, 852989
What are the prime factors of 90584987?
90584987
What are the prime factors of 643400837?
139, 4628783
List the prime factors of 4954694131.
4954694131
What are the prime factors of 175231694?
2, 11, 1409, 5653
List the prime factors of 237110412.
2, 3, 7, 11, 5237
List the prime factors of 82405782.
2, 3, 173, 8821
List the prime factors of 2654095225.
5, 29, 31, 269, 439
What are the prime factors of 3275405418?
2, 3, 8597, 63499
What are the prime factors of 150384328?
2, 18798041
What are the prime factors of 1728080315?
5, 13, 1493, 17807
What are the prime factors of 151518329?
41, 3695569
What are the prime factors of 11710929?
3, 3903643
What are the prime factors of 58735221?
3, 17, 1151671
List the prime factors of 436279698.
2, 3, 907, 26723
List the prime factors of 5000990560.
2, 5, 73, 428167
What are the prime factors of 1376068413?
3, 43, 10667197
What are the prime factors of 2862963633?
3, 97, 9838363
List the prime factors of 1858754842.
2, 7, 2273, 58411
List the prime factors of 198177912.
2, 3, 127, 21673
What are the prime factors of 41178163?
13, 3167551
List the prime factors of 333385947.
3, 37, 1001159
List the prime factors of 95796274.
2, 7, 977513
List the prime factors of 180327901.
13, 1067029
What are the prime factors of 703102459?
4877, 144167
What are the prime factors of 50710463?
1459, 34757
What are the prime factors of 583146591?
3, 194382197
What are the prime factors of 2141217378?
2, 3, 29, 4101949
List the prime factors of 43287199.
223, 194113
What are the prime factors of 291997038?
2, 3, 1741, 27953
What are the prime factors of 2069434294?
2, 15271, 67757
What are the prime factors of 12355833?
3, 7, 19, 173, 179
List the prime factors of 76729218.
2, 3, 409, 31267
List the prime factors of 15541981.
7, 13, 19, 89, 101
List the prime factors of 26720511.
3, 8906837
What are the prime factors of 160343430?
2, 3, 5, 13, 137, 3001
What are the prime factors of 150438387?
3, 11, 4558739
List the prime factors of 43530285.
3, 5, 17, 170707
List the prime factors of 23719888.
2, 59, 25127
List the prime factors of 2101822013.
17, 123636589
What are the prime factors of 1250869166?
2, 625434583
What are the prime factors of 2868407403?
3, 956135801
List the prime factors of 30673620.
2, 3, 5, 43, 1321
List the prime factors of 9538489995.
3, 5, 101, 6296033
List the prime factors of 691899531.
3, 230633177
What are the prime factors of 178126418?
2, 811, 109819
What are the prime factors of 127724603?
1567, 81509
List the prime factors of 247991691.
3, 59, 1401083
What are the prime factors of 549575840?
2, 5, 11, 61, 5119
What are the prime factors of 785606630?
2, 5, 23, 3415681
List the prime factors of 437067400.
2, 5, 7, 11, 101, 281
List the prime factors of 27860465.
5, 139, 40087
What are the prime factors of 136904006?
2, 19, 3602737
What are the prime factors of 15952150?
2, 5, 109, 2927
List the prime factors of 83078147.
3359, 24733
What are the prime factors of 7090491559?
37, 379, 505633
What are the prime factors of 1149761840?
2, 5, 29, 495587
List the prime factors of 1691233658.
2, 29, 29159201
List the prime factors of 580676727.
3, 19, 41, 241, 1031
List the prime factors of 4273591668.
2, 3, 356132639
List the prime factors of 426589547.
426589547
List the prime factors of 103960943.
23, 137, 32993
What are the prime factors of 100866907?
677, 148991
What are the prime factors of 190108927?
19, 83, 120551
List the prime factors of 57075142.
2, 28537571
What are the prime factors of 53080612?
2, 13, 283, 3607
List the prime factors of 196605746.
2, 98302873
What are the prime factors of 120834423?
3, 497261
What are the prime factors of 40446269?
19, 2128751
What are the prime factors of 152798423?
4099, 37277
What are the prime factors of 1880229491?
7, 239, 1123867
List the prime factors of 7631544370.
2, 5, 19, 727, 55249
List the prime factors of 395271520.
2, 5, 7, 139, 2539
List the prime factors of 742662807.
3, 41, 6037909
List the prime factors of 619138639.
7, 43, 109, 113, 167
List the prime factors of 281549703.
3, 8641, 10861
What are the prime factors of 4990863146?
2, 89, 103, 137, 1987
List the prime factors of 894654336.
2, 3, 1049, 2221
What are the prime factors of 7297829?
7, 11, 94777
List the prime factors of 20128777.
37, 544021
List the prime factors of 127926617.
7, 13, 1405787
What are the prime factors of 42047461?
397, 105913
List the prime factors of 3149415017.
7, 449916431
List the prime factors of 2681358808.
2, 599, 559549
List the prime factors of 118032362.
2, 7, 653, 12911
What are the prime factors of 369212042?
2, 683, 270287
List the prime factors of 567609553.
7, 19, 47, 90803
List the prime factors of 1718038242.
2, 3, 29, 37, 149, 199
What are the prime factors of 1962454716?
2, 3, 6056959
What are the prime factors of 42161083?
6163, 6841
List the prime factors of 936033810.
2, 3, 5, 521, 59887
What are the prime factors of 514715354?
2, 313, 822229
List the prime factors of 1882501320.
2, 3, 5, 7, 2241073
List the prime factors of 11057955.
3, 5, 137, 5381
List the prime factors of 13093580.
2, 5, 654679
What are the prime factors of 375445993?
13, 37, 780553
What are the prime factors of 80236775?
5, 1039, 3089
What are the prime factors of 7463188?
2, 31, 139, 433
What are the prime factors of 50059538?
2, 25029769
What are the prime factors of 1